l(u). What is the hundreds digit of m(2)?
1
Let y(x) be the second derivative of x**4/3 + 5*x**3/6 - 49*x**2/2 - 99*x. What is the tens digit of y(-12)?
6
Suppose 2*y - 4*p + 21 = -7*p, 0 = 5*y - p + 27. What is the hundreds digit of y/10 - 190720/(-200)?
9
Let g be ((-3874)/39)/(2/(-6)). Suppose -4*m = -12, g = -0*s - 2*s + 4*m. Let t = 174 + s. What is the tens digit of t?
3
Let k(g) be the second derivative of -g**5/60 + g**4/2 + 2*g**3 + 3*g**2/2 - 14*g. Let u(t) be the first derivative of k(t). What is the units digit of u(12)?
2
Let z(j) = -82*j**2 - 6*j - 4. Let w be z(2). Let i = w - -630. What is the units digit of i?
6
Let k(t) = t**3 - 9*t**2 + 16*t + 12. Let p be k(6). What is the units digit of 74 + -1 + (-1 - p) + 4?
6
Let a(w) = w**2 + 8*w + 36. Suppose b + 20 = -4*p, -b - 3 = -p + 2. What is the tens digit of a(b)?
3
Suppose -63 = -2*c - 7. Let h(w) = -w**3 + 7*w**2 - w - 7. Let l be h(7). Let j = l + c. What is the tens digit of j?
1
Let u(y) = -2*y**3 - 5*y**2 - 15*y - 20. What is the tens digit of u(-12)?
9
Let g(k) = 545*k**2 - 116*k + 33. What is the ten thousands digit of g(-12)?
7
Let u(g) = 21*g**3 - 10*g**2 + 14*g + 82. What is the ten thousands digit of u(8)?
1
Let i(s) = -773*s - 1. Let m be i(-1). Suppose 4*w - m - 620 = 0. Let o = w - 200. What is the tens digit of o?
4
Suppose -3*p - o + 3849 = 0, -4*p + 1345 = 3*o - 3782. Suppose -3*z + 444 = -p. What is the tens digit of z?
7
Let o = 3446 - 2385. Suppose 23*r - 850 = 19*r + 2*t, 3*t + o = 5*r. What is the hundreds digit of r?
2
Suppose 2*h = -5*x + 71473, 35761 = h - 2*x + x. What is the thousands digit of h?
5
Let a(v) = 5*v**2 + 33*v + 212. What is the thousands digit of a(58)?
8
Let i(h) = -19*h + 94. Let m be i(-13). Let b = 49 + m. What is the tens digit of b?
9
Let z(u) = 65*u**2 - 3*u + 4. Let a be z(-4). Suppose 0 = 17*f - a - 321. What is the tens digit of f?
8
Suppose -25*a - 14*a = -8*a - 671615. What is the hundreds digit of a?
6
Suppose -4*b + 24 = 4*d, -7*b + 2*b + 3*d + 6 = 0. Suppose 0 = b*n + 9*n - 36. What is the units digit of (9/(-6))/(n/(-110))?
5
What is the tens digit of (0 - (-25)/15)/((-50)/(-330900))?
3
Suppose -2140 = 9*r + r. Let n = r + 352. What is the tens digit of n?
3
Let t(n) = -2*n**3 + 25*n**2 - 11*n - 14. Let b be t(12). What is the hundreds digit of 82251/228 - 1*b/8?
3
Suppose 4*d - 5*b + 10*b - 18956 = 0, -3*b - 4756 = -d. Suppose -5*g - d = -4*x, -g = x - 275 - 920. What is the units digit of x?
1
Let k(h) = h**3 - 4*h**2 - 5*h + 6. Let n = 31 - 26. Let o be k(n). Suppose -b - o*t + 60 = -4*t, -2*t = 0. What is the units digit of b?
0
Let s(h) = 2*h**3 - 2*h**2 - 3*h - 12. Let a be s(3). What is the units digit of 304 - 0 - (-12 + a)?
1
Let y be (-10)/(-35) + 1006/7. Suppose -5*t = 3*t - y. What is the tens digit of 2*24/10*120/t?
3
Let t be (1*7 - 1) + 47 + -201. What is the units digit of t/259*2478/(-4)?
4
Suppose 104134 = 44*v - 33146. What is the hundreds digit of v?
1
Let q(f) = 160*f**2 - 34*f - 2. What is the hundreds digit of q(-7)?
0
Let s be 1*3 - (-217)/(-31). Let h be (-2460)/21 + -1 - s/28. What is the units digit of (h/(-8))/(4/48)?
7
Suppose 55*z + 6*z - 239646 - 40588 = 0. What is the thousands digit of z?
4
Let x = -6615 + 13781. What is the thousands digit of x?
7
What is the hundreds digit of 2/7*14 - ((-1)/(-1) - 22438)?
4
Suppose 4*w - 1832 = 4*l + 7*w, -5*w + 916 = -2*l. Let u = -123 - l. What is the hundreds digit of u?
3
Let a(o) = o**2 + 2*o - 6. Let x be a(4). Let i = 44 + -41. Let u = x - i. What is the units digit of u?
5
Suppose 31 = -4*b + 55. Let l(o) = -o**3 + 18*o**2 - 4*o + 9. Let u be l(17). Suppose -k - 3*f + b*f = -93, -2*k + u = 5*f. What is the tens digit of k?
0
Let p(x) = -2*x**2 + 4*x**2 - 21*x + 6 + 3*x**2. What is the units digit of p(15)?
6
Suppose s = 3*v + 4*s + 141, -205 = 5*v - 5*s. Let z = v - -42. What is the units digit of z/((-4)/4) + (72 - 2)?
2
Let h be 3*(3 - (-4)/(-3)). Let v(g) = 4*g**3 - 11*g**2 + 4*g - 5. What is the units digit of v(h)?
0
Suppose 5*x + 2*q - 65 = 0, 2*q + 0 = -10. Suppose 0 = x*p + 3022 - 7597. What is the tens digit of p?
0
Let k = -234 + 234. Suppose 4*f = 3*r + 147 + 41, k = -5*f + 2*r + 242. What is the tens digit of f?
5
Suppose 8222 = 4*w - 3*i, -22*w + 17*w + 10287 = i. What is the hundreds digit of w?
0
Suppose 0 = 7807*i - 7803*i - 181504. What is the ten thousands digit of i?
4
Let m(f) = -f**2 + 5*f - 1. Let w be m(4). Suppose 0 = 4*p + 2*j - 982, -2*p - p = -w*j - 750. What is the hundreds digit of p?
2
Suppose -3*j + 3 = 0, -3*u - 11*j - 1542 = -14*j. Let r = -309 - u. What is the hundreds digit of r?
2
Let d(f) = 6*f - 3. Let l be d(1). Let o be -1 + l + 1/1 + 13. Let x = -13 + o. What is the units digit of x?
3
What is the units digit of (43 + 1016)/(9/60)?
0
Suppose t - 7*x - 51047 = -2*x, -7*t + 357365 = x. What is the thousands digit of t?
1
Suppose -1535619 = -76*v + 1187613. What is the units digit of v?
2
Let p = 44506 - 13529. What is the hundreds digit of p?
9
Let z(o) = -o**3 + 12*o**2 + 2*o - 5. Let g be z(12). Let q be (-2 + g)*(-6 - 8). Let v = -86 - q. What is the hundreds digit of v?
1
Suppose 3*d - 5*u + 103 = 2*d, 2*d + 3*u = -219. Let w = d + 540. What is the hundreds digit of w?
4
Let v(u) = -296*u + 1888. What is the hundreds digit of v(5)?
4
Suppose 3*z - 16918 = c, -5*z + 9103 = 2*c - 19068. What is the hundreds digit of z?
6
Suppose 19*f - 7*f = 24*f - 161268. What is the ten thousands digit of f?
1
Suppose -44*s - 13*s + 160178 + 300838 = 0. What is the thousands digit of s?
8
What is the tens digit of (-15033 + -1)/(10 - -5 - 17)?
1
Let t be 20*(78/(-30) - -4). Let k(n) = -n**3 - 3*n**2 - 2. Let u be k(-4). What is the tens digit of (-4)/t + (3 - (-2620)/u)?
9
What is the units digit of 339/(-791) + 136825/7?
6
Let z(y) = -2*y**2 - 11*y + 4. Let m be z(-5). What is the tens digit of m/(-24) - 3315/(-8)?
1
Let x(h) = 122 - 55*h - 88 - 10*h - 56. What is the tens digit of x(-2)?
0
What is the units digit of ((-23)/1)/(150272/(-30048) + 5)?
7
Let m = 66 + -56. Let u = m - 12. What is the tens digit of u*3/2 + 154/2?
7
What is the hundreds digit of ((-125343)/38)/((-42)/224)?
5
Let h(k) = -k**3 + k. Let g(t) = 7*t**3 + 15*t**2 + 12*t - 22. Let b(w) = -g(w) - 6*h(w). Let d be 2/(-15)*21*5. What is the tens digit of b(d)?
7
Let f(i) = 8 - 13 - 2*i**2 + 0*i + 25*i**3 - i + 3*i. Let p be f(2). Suppose -m + 53 + p = 0. What is the hundreds digit of m?
2
Let f(j) = 22 + 80 - 62 - j. What is the units digit of f(-19)?
9
Let p(z) = 222*z + 139. What is the tens digit of p(25)?
8
Let v be 4/(-8)*3*(-20)/6. Suppose 0*l + v*l = -k + 5109, -k - 1 = 0. What is the units digit of l?
2
Let s = 350 - 238. Suppose -v + 5*z + 11 = -3, 5*v - 4*z - s = 0. What is the tens digit of v?
2
Suppose -7640 = -26*i + 18*i. Suppose 2475 + i = 7*t. What is the tens digit of t?
9
What is the units digit of (35/(-10))/(-1034*27/5580 - -5)?
5
Let f be (-12)/12*(1 + -2). Let z be (5/5 + -1)*f. Suppose -7*i + 2*i = -3*b + 158, z = 4*i + 4. What is the units digit of b?
1
Let f(n) = -16*n - 22. Let s be f(-4). Let p = 339 - s. What is the units digit of p?
7
Let w(i) = -i**3 - 5*i**2 - i - 20. Let u be w(-6). Let p = u + -2. Suppose 4*f - 488 + p = 0. What is the tens digit of f?
1
Suppose -79*t + 77*t + 3*f + 27232 = 0, 0 = 3*f + 24. What is the hundreds digit of t?
6
Let u = 1115 + -1109. Let m(y) be the second derivative of y**4/4 - y**3/3 - 19*y**2/2 + 2*y. What is the units digit of m(u)?
7
Suppose -3*m + 50 = 2*m. Suppose -2*v = 2*u - m, -u + 10 = -v + u. Suppose v = d + 5*d - 462. What is the tens digit of d?
7
Let i be 1*-4 - (-16 + -1350). Suppose 7*k - 661 = i. What is the hundreds digit of k?
2
Let t = -671 + 647. What is the tens digit of 1*86*-18*16/t?
3
Let c be -4 - (-1 + -2657) - -2. Let g = -1524 + c. What is the thousands digit of g?
1
Let t(n) = n**2 + 10*n + 19. Let s be t(-8). Let l be s/(-6) + (-1719)/(-18). Suppose 5*x - 710 + l = 0. What is the units digit of x?
3
Suppose -3*t - 21723 = 5919. What is the thousands digit of t/(-7) - (-114)/(-399)?
1
Let k(d) = -57*d**3 - 13*d**2 - 54*d - 50. What is the thousands digit of k(-5)?
7
Suppose w - 20789 = -a, 3*w = a - 2*w - 20789. What is the hundreds digit of a?
7
Let y 